 -6)?
5
What is 3 + (-6 - (10 + -5)) + 1 + 0?
-7
8 + (1 - (-27 + 18))
18
What is the value of (147 - 147) + (1 - -5)?
6
What is -9 + -1 + (36 - 33)?
-7
Calculate -5 + -7 + (10 - (-6 + 1)) + -12.
-9
Evaluate 9 + -5 + (6 + 12 + -7 - 26).
-11
Calculate (2 + -6 - -6 - (-5 + 6)) + -7.
-6
-26 - (-19 - (-13 - -6))
-14
Calculate -12 - -24 - ((1 - -3) + 1).
7
Evaluate 15 + -12 + (2 - -9).
14
What is -4 + 15 + (6 - 5)?
12
What is 13 - 1 - 17 - 4?
-9
What is the value of (-17 - -16) + -32 - -7?
-26
What is (-1 - 14) + 266 + -274?
-23
1 + 16 + 177 + -183
11
What is the value of 6 + (7 - 8) + 3 + -3 + 5?
10
What is the value of -21 - (5 + (0 + -7 - 7) - -10)?
-22
What is the value of -16 + (-17 - 2) + 54?
19
Calculate 6 + -19 + (-14 - -9) + 10.
-8
What is (16 - 13) + -8 + -2 - (3 + -8)?
-2
Evaluate (-6 - -30) + -5 - (-30 + 39).
10
Evaluate (10 - -5) + -2 - (-10 + 29).
-6
What is 11 + (10 - 22) + 32 + -7?
24
Evaluate 27 - ((-18 - -12) + -4 - (-3 - 2)).
32
What is (0 - (-8 - -10)) + -16?
-18
What is the value of -15 + (-11 - -27) + (2 - 11)?
-8
Calculate (4 - 9) + -7 + 8 - (-8 - -2).
2
What is -4 + 7 + (-14 - -9)?
-2
Calculate -4 - 3 - (6 + -11).
-2
What is 2 - (-7 - 4) - (-4 + 7)?
10
Calculate 2 + -17 - (-6 + (41 - 50)).
0
Evaluate (18 - 14) + (1 - 3) + -7 - 0.
-5
What is the value of 1 + -4 + (-24 - 1 - -7)?
-21
What is (2 + -9 - -15) + 1 + 0?
9
-9 - (6 + 16 + -17) - -27
13
Evaluate (9 - -1 - -1) + -22 + 1.
-10
Calculate 9 + (7 + (-9 - 3) - -8) + -4.
8
Calculate 10 - (51 + -7 - 30).
-4
Evaluate (20 - (52 - 13)) + 13.
-6
Calculate -8 + (-8 + 4 - (-5 + -1 + -12)).
6
Evaluate (11 - (-12 + 14 + -7)) + -12.
4
What is (-9 - 0) + (17 - 12) + 11?
7
Evaluate (-7 - -1) + (2 - (-3 - 3)) - -3.
5
Evaluate -29 + 5 - 3 - (-86 - -82).
-23
What is the value of -25 + (1 - -3 - -7 - 5)?
-19
What is the value of -3 + -11 + 2 + 10 + 1?
-1
Evaluate (5 - 16 - -11) + -5.
-5
What is the value of (-11 - 0) + (3 - 3) + 15 + -12?
-8
What is (4 - (-2 + 8)) + 4 + 7?
9
88 + -101 - (3 + -1 - 0)
-15
What is the value of 0 - (25 + -11 - (5 - -2))?
-7
-1 + -8 + -1 + (17 - -8)
15
Evaluate 4 - (11 + -13) - -1.
7
Calculate 8 + -19 + 18 + 8.
15
What is (-6 + -1 - -16) + (-24 - -19)?
4
-18 + (-1 - 0) + (11 - 4) + 0
-12
Calculate (-12 - (-7 + 1)) + -6 + 4.
-8
What is 6 - 9 - (1 + (1 - 15))?
10
7 - (13 - 26 - -6)
14
Calculate 45 + -40 + -28 + 33.
10
What is the value of -10 - (-15 - (-9 + -4 + 9 - -2))?
3
1 + (-2 - 3) + -2 - (-123 + 102)
15
Calculate -32 + 29 + 5 + (0 - 2).
0
Calculate 1 + -11 + 0 + 0 + -163 + 161.
-12
What is the value of 1 + 13 + -1 + -15 + 2?
0
Calculate -31 - -34 - (4 + -17 + -2).
18
Evaluate 14 + -7 + -31 - -35.
11
What is 2 + (-6 - (-4 - 2)) - -6?
8
What is the value of -6 + -3 + -3 + 4 + 4?
-4
What is 2 + -10 + (15 - -2)?
9
Calculate (-3 - (3 - 4 - -7)) + (46 - 48).
-11
47 - (77 - 47) - (50 - 2)
-31
Calculate -1 + -1 + (9 - 1) + 2 + -8.
0
Calculate 25 + (13 - -16 - 27).
27
Evaluate 2 + 8 + -14 + -2 - (13 - -3).
-22
What is -10 - ((-9 - 1) + -6)?
6
What is 1 + -28 + 59 + -41?
-9
Evaluate 4 + -6 + (-4 - 0) + (4 - -4).
2
What is the value of 24 + 1 - (-4 - -13)?
16
What is -11 + 1 - (-15 + -23 + 31)?
-3
-28 + 4 - -13 - -6
-5
What is -1 + 15 + (4 - 18) + 3 + -9?
-6
Calculate 10 - (11 - 16 - -16).
-1
Calculate (-5 + -2 - (-11 + 29)) + 13.
-12
What is 4 + -7 + 4 - -7 - 0?
8
10 + -4 + 3 - (-65 - -71)
3
What is the value of 16 - (-5 + -9 + 25)?
5
What is the value of -13 - ((3 - 27) + -23)?
34
What is 6 - -2 - (-25 + 39) - -5?
-1
Evaluate 22 + -5 + -8 + -7.
2
Evaluate 3 + (14 - 1 - 1) + (1342 - 1344).
13
What is 26 + -93 + 28 + 33?
-6
What is the value of 17 - ((32 - 20) + -6 + 2)?
9
(11 - 4 - -11) + 10
28
Calculate 1 + -7 - (-30 + 30) - -1.
-5
Evaluate -18 + 0 + 2 + 19 + -13.
-10
What is (40 - 20) + -19 + (5 - 2)?
4
Calculate -3 + 8 + (12 - (16 + -14)) + 13.
28
Evaluate (-8 - 3 - -8) + -8.
-11
Calculate (15 - (20 - 7) - -2) + (-7 - -1).
-2
Calculate -7 - (-5 - (0 - -7) - 0).
5
Calculate -22 - (8 + 26 + -39).
-17
Evaluate 1 + (-6 - 0 - (22 - 24)).
-3
Evaluate (-2 - 0 - 11) + (-9 - 11) + 18.
-15
(-2 - 6) + -7 + 44 + (-2 - 9)
18
Calculate (1 - -17 - 16) + 34 + -1 + -7.
28
What is the value of -13 + (12 + -2 + 1 - 2) + 5?
1
What is the value of (13 - 10) + -32 - -24?
-5
What is the value of 7 + -5 + -1 + (-31 - -12) + 6?
-12
0 + 11 - (-10 + -2 - (6 + -20))
9
(-1 - (-2 + -1)) + (-25 - (-1 - 13))
-9
Evaluate 3 + -19 + (-42 - -90).
32
Calculate (-7 - (-25 + 15)) + -10.
-7
Calculate (0 - 2 - -5) + 22 + -21.
4
-13 - ((16 - 2) + -12) - -28
13
Calculate -6 + (-9 - -1) + 1 + 5.
-8
Evaluate 10 + -2 + -13 + -2 + 23.
16
2 - 3 - (0 - (4 - (17 - 2)))
-12
Calculate -8 + -12 + 14 - (-11 - 1) - 10.
-4
0 - (14 - 22) - -12
20
What is the value of 14 + -14 + -15 + -4?
-19
Calculate (22 - 113) + 73 + (5 - 0).
-13
Calculate (50 + -5 - 19) + -6 - (0 + -5).
25
What is the value of (6 + 27 - 10) + -5?
18
4 - -1 - (10 + -16 - (-1 + -9))
1
10 - (-6 + (-8 + (-6 - -13) - -2))
15
Calculate -1 + 0 + -14 + (319 - 313).
-9
Evaluate 9 - (-4 + (7 - -5)).
1
-13 - (26 - 15 - 31) - (1 + 17)
-11
What is the value of -52 + 86 + (1 - 20)?
15
What is the value of 17 + (-7 - (0 + -3) - (-2 + 1))?
14
What is the value of (1 + -3 - (2 - (48 + -9))) + -9?
26
What is the value of (11 - (28 - 10) - -2) + 22?
17
10 + -21 + -40 + 23 - (5 - -1)
-34
Evaluate (31 - 26) + (0 - 6).
-1
11 + -1 + (4 - 6) + -8
0
(-30 + 9 - -14) + 22
15
Evaluate -1 + (31 - 26) + (1 - 12).
-7
Calculate 6 + -12 + 16 + -11 + -6.
-7
What is the value of 12 - (15 + -13 + 19 - 15)?
6
What is the value of (23 - (20 - -18)) + 3 + -2?
-14
Evaluate (2 - (0 + (7 - 5) - 4)) + -1.
3
Evaluate -21 + -3 - (-33 + 21 - -10).
-22
Evaluate 2 + -9 + 2 + 20 - 12.
3
What is (-22 - 37) + 18 + 17 + 3?
-21
What is the value of -1 + -8 + (-21 - -25) - (-3 + -7)?
5
3 - (1 - 0) - (547 - 543)
-2
What is -6 - (-64 - -30 - -10)?
18
What is -6 + 1 - (-57 - (-39 - 0))?
13
Evaluate 5 + (-5 - (-7 + 3)) + 1 - 2.
3
What is (-1 - (-1 + 6) - 6 - -6) + 5?
-1
(2 - 1) + 16 + -15 + (0 - -4)
6
What is 0 + -2 - -2 - (33 - 14 - 18)?
-1
Evaluate 17 - (2 + -2 + 1) - (2958 + -2955).
13
Evaluate (-57 + 19 - -44) + -27.
-21
Evaluate -10 + 14 + 14 - (-42 + 37).
23
29 + (-18 + -32 - -11)
-10
What is (42 - 22) + -46 + 11?
-15
Evaluate -1 - -4 - (14 + 38 + -38).
-11
What is the value of -4 - ((6 - (9 - 1)) + -9)?
7
2 + 0 - 12 - (1258 + -1256)
-12
Evaluate -46 + 28 + 11 + -3.
-10
What is the value of 1 + -3 + -12 - (-1 + -9 + 12)?
-16
Calculate 12 + (5 - 30) - 8.
-21
What is the value of 27 - 33 - -21 - 42?
-27
What is the value of 15 + 0 - (320 + -303)?
-2
Calculate (5 + (3 - 4 - 7) - -2) + 6.
5
Calculate -7 + (-6 - 6) + 7.
-12
What is -4 + (2 - -1) + (5 - -14) + -6?
12
Evaluate -39 - -75 - 11 - 20.
5
What is the value of 13 + -6 + 10 + -7 + -8?
2
What is the value of -66 + 41 - (-11 - 1)?
-13
(-4 - (2 + 5)) + (2 - -1) + 2
-6
What is -7 + 0 + -9 - -22 - -6?
12
What is the value of (1 - 8 - (-1 - 1)) + 74 + -56?
13
Evaluate -3 + -11 + 18 + -19.
-15
What is (0 - (5 - (8 - -5))) + -1?
7
What is (11 - 6 - 15) + 6?
-4
What is 10 - 2 - (5 - (-6 + 8))?
5
What is the value of (-8 - (-3 - 3)) + 27?
25
What is the value of 2 - 8 - (16 + -27 + 14)?
-9
(7 - (11 - (-4 - -7))) + -4 + 2
-3
Calculate 17 + -2 - 3 - 8 - 19.
-15
What is the value of (28 - (-1 + -16 + 31)) + -2?
12
2 + (-2 - (-12 - -4 - -3))
5
Evaluate -4 + 9 + 1 + -1 - (-11 + 5).
11
Calculate 14 + (-8 - 5) - 14.
-13
Evaluate (11 - 4) + -7 + 4 + 1.
5
-76 - (-159 - -90) - (0 + -26 - 0)
19
Evaluate 13 - (-17 - -3 - -9).
18
-3 + (-5 - -2 - (-1 + -10 + 12))
-7
What is the value of 125 + -119 - (3 - 0 - (-18 + 1))?
-14
What is (-19 - -6) + 7 - (1 + -4 - 1)?
-2
What is the value of 2 + (-1 - 0) - (17 - 10 - 5)?
-1
9 - (-13 + 7 + 6 - (-1 + -1))
7
(-8 - -7 - -5 - 1) + -6 - 6
-9
Evaluate -1 + (-35 - -73 - 64).
-27
Evaluate 10 + -9 - -8 - 15 - 7.
-13
Calculate -3 - -2 - (27 + -37).
9
What is 0 + 1 + -16 + 5 + 18?
8
23 - ((2 - -2) + 15)
4
(-6 - -11) + -11 - 11
-17
What is (-9 - -6) + -14 + 32?
15
1 - (-21 - -9) - 0
13
Evaluate -12 + -1 - (601 - 622).
8
Calculate 1 + (-9 - -4) + 1.
-3
13 - 24 - -49 - 24
14
Calculate (-21 - -23 - 25) + 5.
-18
Evaluate 0 + -1 + (20 + -3 - 14) + -21.
-19
Evaluate -2 + -1 + 4 + -4 - 0.
-3
Evaluate 11 - (-8 - 5 - -11 - 13).
26
Evaluate (5 + -3 